
Let w(r) = -2*r**2 + 2*r + 5. Let k be w(3). Let i = -3 - k. Suppose -78 + 6 = -i*v. Calculate the highest common factor of 144 and v.
18
Let q be (-59)/((-885)/5445)*(2 + 250/6). Calculate the greatest common factor of 121 and q.
121
Let p(w) = -w**3 - 12*w**2 - 12*w - 10. Suppose -5*n = -22*n - 187. Let h be p(n). Let g = 8 + -3. What is the greatest common factor of h and g?
1
Suppose 0 = k - 7*k + 846. Let c = -113 + k. What is the greatest common divisor of 224 and c?
28
Let t be (-69)/(-2) + 4/8. Suppose -5*r + 2*q = -684, 5*q + 520 = -1476*r + 1480*r. What is the greatest common divisor of t and r?
35
Suppose 56 = 12*t - 9*t + 5*y, -64 = -t + 4*y. What is the greatest common factor of t and 6176?
32
Let p be -15*((-22)/(-6) + -4) + 201. Let c = -177 + p. Let f be -2 - 2/1*-59. Calculate the highest common factor of f and c.
29
Let q be (-182)/7*-5*6/(-4). Let p = -174 - q. Calculate the highest common factor of p and 105.
21
Suppose -446 - 50 = -5*b + 4*k, -2*k - 296 = -3*b. Let a = -81 + b. Let u = a + 21. What is the greatest common factor of u and 288?
36
Suppose 3*p - 1194 - 1584 = 0. Suppose -8*l + p = -106. Let c = l + -29. What is the highest common divisor of 40 and c?
20
Suppose 2*b - 6*b = -80. Suppose 0 = 5*m - 3*m - b. Let x be (24/28)/6 + 1026/266. What is the highest common factor of x and m?
2
Let j(r) = -r**3 - 37*r**2 - 3*r - 86. Let n be j(-37). Let f be (2 - 44/(-3))/((-10)/(-285)). What is the greatest common divisor of n and f?
25
Let q be (((-6)/7)/(19/(-2394)))/2. Suppose -460*x = -478*x + q. Suppose -2*t + 3*y + 3 = t, 4*t - 8 = 2*y. What is the highest common divisor of x and t?
3
Let q = -177 + 231. Suppose -3*v = 2*v + 10, -q = -2*h - 3*v. Let x be -24*((-20)/8 + 0). Calculate the highest common divisor of h and x.
30
Let u = 150 - 33. Let f = 286 - 282. Suppose -4*h = 5*c - 81, 3*h - 27 - 37 = -f*c. Calculate the greatest common factor of u and c.
13
Let t be 168*((-6)/(-4))/1. Let p be (3 - (-95)/(-25))/(2/(-20)). Suppose p*z + t = 14*z. What is the highest common divisor of z and 84?
42
Let i be -12 + (-19131)/(-7) - -9. What is the greatest common factor of i and 28?
14
Let t(f) = 17*f**3 + 39*f**2 - 43*f + 13. Let o be t(5). Calculate the greatest common divisor of o and 1134.
126
Suppose 12*p - 14*p = -66. Let h be ((-2)/((-3)/p*2))/1. Let j = 17 - h. What is the greatest common divisor of 4 and j?
2
Let t = 67 + -319. Let j(s) = -s**3 + 8*s**2 - 7*s - 1. Let p be j(7). Let v be (p/(6/(-4)))/((-8)/t). Calculate the highest common factor of 21 and v.
21
Suppose 4*r - 1 = 19. Suppose a - 365 = -r*s, -s + 49 = 3*a - 38. Suppose -9*l + 11*l = s. Calculate the highest common factor of 12 and l.
12
Let a be ((-3)/(15/80))/1. Let u be (-4)/a - 729/(-12). Suppose 0 = 7*k - u + 12. Calculate the highest common factor of k and 7.
7
Suppose 0 = -4*c + 32, -9*h = -14*h + 3*c + 2976. What is the greatest common factor of h and 516?
12
Let r(h) = -1142*h + 24. Let b be r(-3). What is the highest common factor of b and 600?
150
Suppose 138*b - 8996 = 664. Calculate the greatest common factor of 39830 and b.
70
Let d(c) = c**3 + 76*c**2 + 354*c - 27. Let o be d(-71). What is the highest common factor of 256 and o?
4
Let u be (7 - 5) + 4 + 41. Let w be 4 - 1/(7/(-630)). What is the greatest common divisor of u and w?
47
Suppose -11*z + 12091 = 3049. What is the greatest common divisor of z and 30?
6
Let s = 2016 + -1998. Suppose 0 = -4*z - 5*r + 2947, -2*z = -7*z + 2*r + 3692. What is the greatest common factor of s and z?
18
Let t(q) = -q**2 + 2*q**3 + 12 - 5*q - 5*q**2 + 11*q + 0*q**2. Let j be t(6). What is the highest common divisor of j and 33?
33
Let d = 3 - -147. Let c = 178 - d. What is the highest common factor of 70 and c?
14
Let f(w) = w**3 - 7*w**2 + 8*w - 8. Let i be f(7). Let t be 395*(-40)/(-250) + 4/5. Calculate the greatest common divisor of t and i.
16
Let p(m) = 32*m**2 - 20*m + 31. Let w be p(2). Calculate the greatest common factor of w and 255.
17
Suppose 3*g = g - 4, 2*p + 3*g = 24. Suppose -3*k = 4*k - 273. Suppose -k = -2*u - p. What is the greatest common factor of 4 and u?
4
Let c(d) = -197*d - 2651. Let k be c(-39). Calculate the highest common divisor of k and 544.
136
Let o(f) = -29*f**3 - 48*f**2 - 5*f + 37. Let y be o(-8). What is the greatest common factor of y and 9?
9
Suppose -195*n + 8255 - 81119 = -483*n. Calculate the highest common divisor of 99 and n.
11
Let z be 8/(-2) + (133 - 1)/6. Suppose 27*m - 9*m = z. What is the greatest common divisor of m and 11?
1
Suppose -42*b - 44*b + 14520 = -75*b. Calculate the greatest common factor of 66 and b.
66
Suppose -82*s - 7876 = -71*s. Let y = s - -727. What is the highest common factor of y and 55?
11
Suppose 450*u - 13167 = -2367. Let x(l) = -6*l + 2. Let n be x(-2). Let d = n + 22. What is the highest common divisor of u and d?
12
Let v = 20837 - 5157. Calculate the greatest common factor of 480 and v.
160
Let d(g) = -2*g**2 - 23*g - 10. Let u be d(-20). Let k = u + 470. Calculate the greatest common factor of k and 72.
24
Let g(x) = -2*x**2 - 12*x - 5. Let i(b) = -28*b - 115. Let m be i(-4). Let r be g(m). Calculate the greatest common factor of 299 and r.
13
Let g(j) = j**3 - 9*j**2 + 30*j - 162. Let w be g(8). What is the greatest common divisor of w and 208?
2
Suppose 6*f = 8*f. Suppose -7*g = -2*g - t - 2728, f = -4*g - 3*t + 2190. What is the greatest common factor of g and 21?
21
Suppose -5*y + 58 = -4*n + 7*n, 3*y = 4*n + 58. Suppose -y = -r - 0. Suppose 0*u - 224 = -4*u. What is the greatest common divisor of r and u?
14
Let t = 8 + -4. Let b(a) be the third derivative of a**4/6 - 10*a**3/3 - 2*a**2 - 10. Let v be b(16). What is the greatest common factor of v and t?
4
Let t be 102292/44 + (-14)/(-77). Calculate the greatest common divisor of t and 279.
93
Let s = 103 + -39. Let v = -60 + s. What is the greatest common divisor of 68 and v?
4
Let l = 41 - 31. Suppose -l = -r - r. Suppose 0 = r*z + 190 - 490. What is the greatest common divisor of 15 and z?
15
Suppose -7*v - 3128 = -4*o - 9*v, -5*o + 2*v + 3892 = 0. Suppose 0 = 19*f - 31*f + o. What is the greatest common divisor of f and 13?
13
Let p be 40/15*9/(-2). Let i be (1 - (-28)/p) + (-1895)/(-15). Calculate the highest common factor of 5 and i.
5
Let t be ((-64)/6*1)/(45/(-810)). Suppose -189*d = -t*d + 111. What is the greatest common divisor of 37 and d?
37
Let n(k) = -11*k + 394. Let z be n(31). Suppose 16128 = -25*q + z*q. Calculate the highest common factor of 36 and q.
36
Suppose -2*p - 33 = -157. Let l = p + -56. Let c(g) = 5*g - 16. Let j be c(l). Calculate the greatest common divisor of 28 and j.
14
Suppose -y + 4*j = -280, 24*y - 21*y + 2*j = 742. Calculate the highest common divisor of y and 6972.
84
Suppose -31 + 7 = -4*y. Let g = 30 - 25. Let b(v) = 8*v + 2. Let l be b(g). What is the highest common divisor of y and l?
6
Let x = 152 - 53. Let k be ((-332)/10)/((-36)/(-90)). Let y = k - -92. What is the highest common factor of y and x?
9
Let o(k) be the third derivative of 13*k**4/24 + 10*k**3 - 2*k**2 - 7. Let w be o(0). What is the highest common divisor of 20 and w?
20
Let p(d) = 2*d**2 - 4*d + 2. Let z be p(2). Suppose z*n + 21 = -n. Let y be (-12)/84 + (-134)/n. Calculate the highest common divisor of y and 76.
19
Let z(u) = -3*u**3 + 3*u**2 + 7*u + 4. Let i = 4 - 6. Let x be z(i). What is the greatest common factor of 26 and x?
26
Let n(b) = -b**3 + 10*b**2 - 12*b - 15. Let t be n(7). Suppose g = v + 2*v - 67, 5*v + 5*g = 145. Calculate the highest common divisor of t and v.
24
Let a(o) = -o**2 - 134*o - 4459. Let l be a(-63). Calculate the greatest common factor of l and 5740.
14
Suppose 0 = 9*l - 3*l. Suppose l = 3*j - 8*j - 5*f + 475, -435 = -5*j + 5*f. Calculate the highest common factor of 182 and j.
91
Let g be (-2)/(-11) - (-2484)/132. Let r = 13 + g. Suppose -r = -s - 8. Calculate the highest common divisor of s and 12.
12
Let c be (-1)/5 - ((-518)/(-35) + 6). Let g(r) = r**2 + 24*r + 196. Let i be g(c). What is the highest common factor of i and 7?
7
Let l = -364 - -368. Suppose 0*n = 2*n + 10, -76 = -3*w - l*n. Suppose 3*x + 206 - 1262 = 0. Calculate the highest common factor of x and w.
32
Let y = 6816 - -14192. What is the greatest co